1?
False
Is 19 a factor of 2604?
False
Does 28 divide 7000?
True
Does 5 divide 3260?
True
Does 13 divide 520?
True
Is 19 a factor of 11419?
True
Is 20 a factor of 133?
False
Does 6 divide 399?
False
Is 26 a factor of 784?
False
Is 79 a factor of 169?
False
Is 885 a multiple of 15?
True
Is 7 a factor of 2387?
True
Does 4 divide 67?
False
Is 8572 a multiple of 13?
False
Is 16 a factor of 8107?
False
Is 3987 a multiple of 54?
False
Is 17 a factor of 2057?
True
Does 149 divide 447?
True
Does 17 divide 19074?
True
Is 10 a factor of 2061?
False
Is 16359 a multiple of 97?
False
Is 24552 a multiple of 88?
True
Does 354 divide 14626?
False
Is 5885 a multiple of 41?
False
Is 52176 a multiple of 24?
True
Is 187 a multiple of 2?
False
Is 145 a factor of 72935?
True
Does 4 divide 4196?
True
Does 8 divide 88?
True
Is 13 a factor of 576?
False
Is 5 a factor of 481?
False
Is 80 a factor of 49360?
True
Does 61 divide 1226?
False
Is 13 a factor of 16439?
False
Does 6 divide 2583?
False
Does 18 divide 800?
False
Is 101 a factor of 11918?
True
Is 8976 a multiple of 24?
True
Does 2 divide 4220?
True
Is 4 a factor of 204?
True
Is 149 a factor of 21307?
True
Is 20 a factor of 1430?
False
Does 67 divide 871?
True
Is 131 a multiple of 9?
False
Is 104 a factor of 9292?
False
Does 69 divide 6072?
True
Is 256 a multiple of 32?
True
Is 3 a factor of 128?
False
Is 13353 a multiple of 14?
False
Is 19152 a multiple of 63?
True
Is 4484 a multiple of 76?
True
Does 34 divide 14973?
False
Does 5 divide 190?
True
Does 6 divide 138?
True
Is 482 a multiple of 45?
False
Does 48 divide 185?
False
Is 1982 a multiple of 7?
False
Does 56 divide 35392?
True
Does 2 divide 32?
True
Does 43 divide 301?
True
Is 350 a multiple of 7?
True
Does 159 divide 36093?
True
Is 93314 a multiple of 13?
True
Is 3290 a multiple of 35?
True
Is 97 a factor of 7785?
False
Does 37 divide 43216?
True
Does 30 divide 2372?
False
Does 3 divide 7395?
True
Is 8 a factor of 456?
True
Does 60 divide 18240?
True
Is 84 a factor of 13226?
False
Is 798 a multiple of 19?
True
Does 14 divide 4854?
False
Does 2 divide 2546?
True
Does 28 divide 2657?
False
Does 171 divide 898?
False
Does 83 divide 538?
False
Does 12 divide 70618?
False
Is 15110 a multiple of 11?
False
Is 56 a factor of 336?
True
Is 1329 a multiple of 17?
False
Is 137 a factor of 2516?
False
Is 414 a multiple of 46?
True
Is 363 even?
False
Is 162211 a multiple of 233?
False
Is 30 a factor of 44634?
False
Is 105 a factor of 8260?
False
Is 55 a factor of 14288?
False
Is 3 a factor of 147?
True
Is 24 a factor of 6088?
False
Is 5385 a multiple of 15?
True
Is 6 a factor of 26892?
True
Is 21 a factor of 17010?
True
Is 120 a multiple of 20?
True
Is 10 a factor of 1450?
True
Is 1604 a multiple of 13?
False
Is 21 a factor of 1449?
True
Is 2266 a multiple of 103?
True
Is 6 a factor of 690?
True
Is 669 a multiple of 50?
False
Does 20 divide 400?
True
Is 206 a factor of 3127?
False
Is 7 a factor of 2352?
True
Is 47 a factor of 650?
False
Is 55 a factor of 7947?
False
Does 54 divide 7429?
False
Is 748 a multiple of 34?
True
Is 3 a factor of 168?
True
Does 125 divide 2750?
True
Is 15 a factor of 43?
False
Does 98 divide 15974?
True
Does 271 divide 83900?
False
Does 21 divide 72?
False
Does 3 divide 247?
False
Is 8924 a multiple of 194?
True
Does 5 divide 3972?
False
Is 6653 a multiple of 113?
False
Is 118 a factor of 2714?
True
Is 1124 a multiple of 46?
False
Does 11 divide 814?
True
Is 91 a factor of 13195?
True
Is 10854 a multiple of 13?
False
Does 58 divide 6206?
True
Is 33 a factor of 627?
True
Is 16317 a multiple of 11?
False
Does 11 divide 154?
True
Is 3726 a multiple of 18?
True
Does 6 divide 75?
False
Is 19 a factor of 255?
False
Does 31 divide 184?
False
Is 695 a multiple of 9?
False
Is 443 a multiple of 3?
False
Is 101 a factor of 7777?
True
Is 12 a factor of 96?
True
Does 10 divide 600?
True
Is 11916 a multiple of 14?
False
Is 252 a multiple of 4?
True
Is 92 a multiple of 23?
True
Does 60 divide 2340?
True
Does 10 divide 564?
False
Does 99 divide 24715?
False
Is 11 a factor of 113849?
False
Does 13 divide 645?
False
Is 3 a factor of 1659?
True
Is 10 a factor of 830?
True
Does 38 divide 21356?
True
Does 4 divide 737?
False
Does 30 divide 1076?
False
Is 50 a factor of 5100?
True
Is 16 a factor of 3639?
False
Is 1953 a multiple of 63?
True
Is 2356 a multiple of 13?
False
Does 17 divide 26349?
False
Is 3825 a multiple of 15?
True
Does 186 divide 7196?
False
Is 3 a factor of 3030?
True
Does 3 divide 73?
False
Is 3 a factor of 879?
True
Is 7 a factor of 43086?
False
Does 28 divide 17596?
False
Does 2 divide 92?
True
Is 19 a factor of 9123?
False
Is 14 a factor of 1476?
False
Is 496 a multiple of 8?
True
Is 1377 a multiple of 51?
True
Does 84 divide 8400?
True
Is 11 a factor of 2200?
True
Is 12 a factor of 1764?
True
Is 99 a factor of 375?
False
Does 13 divide 1660?
False
Does 73 divide 2389?
False
Does 35 divide 6308?
False
Does 114 divide 9690?
True
Does 6 divide 48?
True
Is 10945 a multiple of 78?
False
Is 1292 a multiple of 34?
True
Is 60 a factor of 1800?
True
Does 8 divide 6805?
False
Is 106 a factor of 3339?
False
Is 1436 a multiple of 14?
False
Does 8 divide 240?
True
Is 5 a factor of 23118?
False
Does 55 divide 4757?
False
Is 12 a factor of 362?
False
Does 22 divide 142?
False
Is 592 a multiple of 11?
False
Is 439 a multiple of 23?
False
Is 135 a multiple of 5?
True
Is 20057 a multiple of 8?
False
Is 35417 a multiple of 74?
False
Is 648 a multiple of 8?
True
Is 69 a factor of 28818?
False
Does 61 divide 1464?
True
Does 57 divide 20266?
False
Is 7 a factor of 408?
False
Is 54 a factor of 10908?
True
Does 4 divide 29075?
False
Is 22575 a multiple of 56?
False
Is 10485 a multiple of 45?
True
Is 8 a factor of 117?
False
Is 5 a factor of 148?
False
Does 7 divide 987?
True
Is 1567 a multiple of 8?
False
Is 963 a multiple of 9?
True
Is 1452 a multiple of 44?
True
Is 190 a multiple of 3?
False
Is 26488 a multiple of 308?
True
Is 14 a factor of 1268?
False
Does 4 divide 48?
True
Does 45 divide 14445?
True
Is 1752 a multiple of 43?
False
Does 24 divide 1152?
True
Is 2261 a multiple of 25?
False
Is 97441 a multiple of 13?
False
Is 992 a multiple of 62?
True
Does 131 divide 47105?
False
Does 20 divide 14950?
False
Is 2 a factor of 27?
False
Is 7615 a multiple of 64?
False
Is 27 even?
False
Is 4176 a multiple of 20?
False
Is 14 a factor of 18886?
True
Is 101 a factor of 70355?
False
Is 15 a factor of 300?
True
Is 300 a multiple of 50?
True
Does 12 divide 696?
True
Is 12 a factor of 1066?
False
Is 46668 a multiple of 4?
True
Is 17 a factor of 2618?
True
Is 43 a factor of 559?
True
Does 11 divide 14067?
False
Does 10 divide 4324?
False
Is 43 a factor of 2005?
False
Is 49505 a multiple of 19?
False
Is 2939 a multiple of 8?
False
Is 17 a factor of 2300?
False
Does 7 divide 22709?
False
Is 1038 a multiple of 173?
True
Does 45 divide 16014?
False
Is 209 a multiple of 18?
False
Does 17 divide 45883?
True
Does 46 divide 1288?
True
Is 20 a factor of 39849?
False
Is 176 a factor of 39248?
True
Does 41 divide 1768?
False
Is 34 a factor of 89250?
True
Is 6 a factor of 13674?
True
Is 3 a factor of 957?
True
Is 1717 a multiple of 28?
False
Does 21 divide 420?
True
Is 12238 a multiple of 127?
False
Is 98 a factor of 2548?
True
Is 100 a factor of 4055?
False
Does 11 divide 891?
True
Is 5485 a multiple of 46?
False
Is 30 a factor of 4804?
False
Is 50 a multiple of 3?
False
Is 9 a factor of 306?
True
Does 18 divide 6120?
True
Does 20 divide 40?
True
Does 11 divide 803?
True
Is 2 a factor of 113?
False
Is 104 a factor of 499?
False
Is 50729 a multiple of 59?
False
Is 4170 a multiple of 30?
True
Does 85 divide 8245?
True
Is 5115 a multiple of 31?
True
Does 8 divide 44503?
False
Is 24 a factor of 720?
True
Does 21 divide 293?
False
Is 16 a factor of 20852?
False
Does 7 divide 767?
False
Does 33 divide 1452?
True
Is 161 a factor of 15778?
True
Does 19 divide 3021?
True
Is 7 a factor of 5853?
False
Is 663 a multiple of 13?
True
Is 360 a multiple of 5?
True
Does 245 divide 30625?
True
Is 7 a factor of 48?
False
Is 130 a factor of 15370?
False
Does 13 divide 1964?
False
Does 98 divide 3516?
False
Is 23 a factor of 759?
True
Does 220 divide 6820?
True
Is 9 a factor of 182?
False
Is 48235 a mul